ommon factor of 589 and f.
19
Let h(s) = -30*s - 26. Let z be h(-4). Let o = z - 87. Let d be (-35)/(2 - 3)*1. Calculate the greatest common factor of d and o.
7
Let m(f) = 3*f**3 - 3*f**2 + 3. Let t be m(3). Let w be (-33 + 306/17)*1/(-5). Calculate the greatest common divisor of t and w.
3
Let g(c) = -3*c**3 - 22*c**2 - 4*c - 36. Let z be g(-11). Calculate the greatest common factor of 13 and z.
13
Let q(x) = -x**3 + 19*x**2 + 22*x - 18. Let r be q(20). Calculate the highest common factor of r and 198.
22
Let d = -26 - -86. Let h(q) = -q - 5. Let a be h(-4). Let j be (a - 1 - -28) + -2. Calculate the highest common divisor of d and j.
12
Suppose -v + 0*z + 4*z = -6, -4*v = 5*z - 45. Calculate the greatest common divisor of v and 5.
5
Suppose 84 = r + 3*r. Suppose j - 4*l + 0 + 5 = 0, -3*j + 30 = 3*l. What is the highest common factor of r and j?
7
Suppose 0 = 3*b - 533 - 1147. What is the highest common divisor of 35 and b?
35
Let j = -1634 + 1725. What is the highest common divisor of 13 and j?
13
Suppose 0 = 5*u - 1 - 149. Suppose m + 327 = 5*o - 4*o, 0 = -4*o - 3*m + 1329. Calculate the greatest common factor of u and o.
30
Let o = -424 - -500. What is the greatest common divisor of 133 and o?
19
Let i = 1215 + -1204. Calculate the greatest common divisor of i and 1045.
11
Let i(y) = -y**2 - 98*y - 2372. Let r be i(-53). Let p = -15 + 145. What is the highest common divisor of r and p?
13
Suppose -25*y = -707 + 107. Suppose 4*z - 65 = -z. Suppose -3*p + z = 4*c, -5*c + 4 = 5*p - 16. What is the greatest common divisor of y and p?
3
Let g(n) = -n**2 - 13*n - 22. Let w(t) = -t**2 - 16*t - 36. Let i be w(-14). Let z be g(i). Calculate the greatest common divisor of 4 and z.
2
Let s be 23 + 2*(2 + -3). Suppose 11*a - 7*a = 0. Suppose a = 8*t - 3*t - 35. Calculate the highest common divisor of s and t.
7
Suppose 0 = -3*f + 5 + 10. Suppose -t + 1 = 0, 4*z + 28 = f*t - t. Let p be (3 + 21/z)*-44. Calculate the highest common divisor of 242 and p.
22
Let o(b) = -72*b + 214. Let f be o(2). What is the highest common divisor of f and 140?
70
Suppose 0 = o + h - 2, 2*h - 12 = -3*o - o. Calculate the highest common divisor of o and 12.
4
Let f(o) = 3*o - 3. Let b be f(2). Suppose 10 = 2*c + b*i, -c - 3*c + 2*i + 4 = 0. What is the greatest common divisor of 14 and c?
2
Suppose h - 3*h = l - 17, 0 = 3*l - h - 16. Calculate the greatest common divisor of 4 and l.
1
Let z be ((-3)/8*-2)/((-35)/(-280)). Suppose 0 - z = -3*m. Calculate the highest common divisor of 18 and m.
2
Suppose 5*d - 24 = 11. Suppose 24*w + 3*h + 43 = 28*w, 2*w - 24 = 2*h. Calculate the greatest common divisor of d and w.
7
Let h = 273 + -231. Calculate the greatest common divisor of 28 and h.
14
Let c be 177/9 - (-2)/6. Let h be (-2 - 0) + (8 - (6 + -2)). What is the highest common factor of c and h?
2
Suppose 2*g + 3*r - 2 = -7, -3*g = 4*r + 8. Let d be (g + (-543)/(-9))/(4/12). Calculate the greatest common divisor of d and 13.
13
Let j be ((-12)/9)/(4/6). Let i(c) = 25*c**2 + c - 2. Let w be i(j). What is the highest common divisor of 64 and w?
32
Suppose 5*i - 4*v = 81, -1 = -3*v + 2. Let g = 43 - i. What is the highest common factor of 286 and g?
26
Let q be (-2)/(-14) + 130/70. Suppose 9 = -q*x + 7. Let b(i) = -71*i - 1. Let p be b(x). What is the greatest common divisor of p and 10?
10
Let m be ((-37)/(-7) - (-2)/(-7))/1. Suppose 7 = s + 3, 0 = -4*b + m*s + 172. What is the greatest common factor of b and 6?
6
Let c = -44 - -46. Suppose 15 = -c*z + 21. What is the highest common factor of 4 and z?
1
Let g be 2*-3*10/(-12). Suppose g*m = -y + 18, -2*y - 3*y + 2*m = -36. What is the greatest common divisor of y and 24?
8
Suppose -10*r = 1293 + 887. Let q be 2/(-4) - 1490/(-4). Let b = q + r. Calculate the greatest common divisor of 14 and b.
14
Suppose 4*w - 8 = 0, 5*w - 344 + 1944 = g. Suppose 6*p - g = -314. Calculate the highest common divisor of 27 and p.
27
Let m be 1/3 - 291*4/(-18). What is the greatest common factor of m and 52?
13
Suppose -2*y + 0*y + 8 = 0. Suppose 0 = y*c - 184 - 80. Suppose 2*f = f + 6. What is the highest common divisor of c and f?
6
Suppose -4*w + 6 + 2 = 0. Suppose -5*z + 13 = -0*z + 3*i, w = -z + 4*i. What is the greatest common factor of z and 4?
2
Let o be 1 + (-2 - (-12)/8)*-2. Suppose o*k = 2*s + 5 - 97, -4*s + 2*k = -184. What is the highest common factor of s and 115?
23
Suppose 645 = 36*j + 7*j. Let p be (0 - -2)/1 + 1. What is the highest common factor of p and j?
3
Suppose 7*k - 139 = 498. What is the greatest common factor of 182 and k?
91
Let g(i) = -i**2 + 17*i + 53. Let l be g(18). Suppose -2*o = 2*b + o - l, 3*b + 2*o - 40 = 0. Calculate the greatest common divisor of 5 and b.
5
Let t(o) = -o**2 - 5*o + 3. Let h be t(-5). Suppose m + 3 = 0, -361 = -h*k + k + 5*m. Let l = k + -12. Calculate the greatest common divisor of 23 and l.
23
Suppose 51 = -s + 4*s. Suppose 7 = 2*x - s. Let v(h) = 11*h + 2. Let w be v(2). What is the highest common divisor of x and w?
12
Let g = 673 + -629. What is the greatest common factor of 20 and g?
4
Let f = -43 - -69. Let c(j) be the second derivative of j**4/12 - j**3/6 - 10*j**2 + 7*j. Let q be c(-17). Calculate the highest common divisor of f and q.
26
Let n = -430 - -719. Calculate the greatest common divisor of n and 34.
17
Let y = -8 - -8. Suppose 2*d - 2*a = a + 4, y = d + 5*a - 2. Let f(t) = -t + 22. Let z be f(0). What is the highest common factor of d and z?
2
Let n be (-741)/(-2)*(87 + -85). Calculate the highest common divisor of n and 57.
57
Suppose 0*n - 24 = -3*n. Suppose -n*z = -6*z - 44. What is the highest common factor of z and 11?
11
Suppose -120 = 5*x - 45. Let a = 18 + x. Suppose -2*b + 12 = 2*b. What is the greatest common factor of b and a?
3
Suppose -35*f + 80 = -25*f. What is the greatest common divisor of f and 124?
4
Suppose -3*g - 6 = -0*g, 2*g = -4*f - 8. Let w(s) = -7*s + 1. Let l be w(f). What is the greatest common factor of l and 4?
4
Suppose -12 = 4*a, -33*p + 28*p = -a - 1603. What is the greatest common divisor of p and 60?
20
Suppose 44*s - 45*s + 12 = 0. Suppose 5*d - 5*b = 35, -3*d - 2*b - b - 3 = 0. Let i be 12/(d + -6) + 10. Calculate the highest common divisor of s and i.
6
Let b(z) = 2*z**2 + 44*z + 25. Let g be b(-22). Calculate the highest common divisor of 5 and g.
5
Suppose -3*c - 2*c + 711 = 3*q, 0 = 4*c - 2*q - 582. Let i = -129 + c. Calculate the highest common divisor of i and 15.
15
Let o = 4 - -32. Calculate the greatest common factor of o and 72.
36
Suppose -45 = 4*i - y + 6*y, -25 = 3*i - 5*y. Let z be 210 - (3 - i/(-5)). Calculate the highest common divisor of 19 and z.
19
Let w = 63 - 55. What is the highest common factor of w and 24?
8
Suppose 4*d = 3*d + 14. Let m = d + -12. Suppose 3*o - 53 = -m*v, 2*v - 3*o = o + 60. What is the greatest common divisor of 308 and v?
28
Suppose -3*f = -2*f + 3, -4*f = y + 5537. Let m be -2 + y/(-20) - 6/(-8). Calculate the greatest common factor of 110 and m.
55
Suppose -4*v - 41 = -153. Suppose -6*h + v = -4*h. Suppose 3*u - 30 = -4*o, 67 = 7*u - 2*u + o. Calculate the greatest common factor of h and u.
14
Suppose -5*n + 27 = -3*x - 972, n = -2*x + 192. What is the highest common factor of 126 and n?
18
Suppose -h = 3*h - 212. Let o be (3 + 44/(-2))*-2. Let q = h - o. Calculate the highest common divisor of q and 5.
5
Suppose -309 = -7*z - 78. What is the greatest common divisor of 1320 and z?
33
Let b = -76 + -29. Let v = b + 204. Calculate the highest common factor of 9 and v.
9
Suppose 14*t + 40*t = 864. Calculate the greatest common divisor of t and 944.
16
Let i(u) = -2*u - 29. Let h be i(-19). Calculate the highest common divisor of 81 and h.
9
Let f be 184*34/(3 - (-3 - 2)). What is the highest common factor of 34 and f?
34
Let l = 1669 + -983. Let q = -350 + l. Calculate the greatest common divisor of 42 and q.
42
Suppose 62*g - 661 = -3*u + 60*g, -5*g = -4*u + 866. Calculate the greatest common factor of u and 803.
73
Let l be (28/42 - 0) + (-283)/(-3). What is the greatest common factor of 20 and l?
5
Suppose -5*a = -1449 - 1511. Calculate the highest common divisor of 74 and a.
74
Suppose m + 3*m = 2*t - 638, -4*m + 307 = t. Let i = t + -180. What is the greatest common factor of 15 and i?
